 u.
15
Suppose 2 = 3*x - 4. Suppose -t - 4*t = -x*y - 23, 3*t - 1 = -2*y. Calculate the remainder when 69 is divided by (t/4)/(3/72).
15
What is the remainder when 47 is divided by (-5)/(-2) + -2 - (-150)/12?
8
Let q(d) be the second derivative of d**5/20 + 5*d**4/12 - d**3/3 + 6*d. Let s be q(-5). Calculate the remainder when s/(-5) + 6 + 0 is divided by 2.
0
Let u(o) = o**3 + 22*o**2 - 7*o - 31. Let p be u(-22). Let z = p - 61. Calculate the remainder when 245 is divided by z.
59
Let u(z) = -z**2 + z + 28. Suppose 3*l - 2*h = l + 138, 5*l + 2*h = 310. Suppose 3*m - 7*m = -l. What is the remainder when u(0) is divided by m?
12
Let t(v) = -1 - 7 + 0 + 6*v. Let f = 15 + -1. What is the remainder when f is divided by t(2)?
2
Suppose -179*p = -2183 - 144. Let h(a) = 3*a**2 - 4*a**2 - a - 2 + 9*a. What is the remainder when p is divided by h(7)?
3
Let s be ((-20)/3)/(1/(-36)*3). Let v = -69 + s. Calculate the remainder when 53 is divided by v.
9
Suppose -3*h + 30 = 57. Let f(u) = u**3 + 10*u**2 + 6*u - 11. Suppose y - 56 = -9. What is the remainder when y is divided by f(h)?
15
Let w = -11 - -13. Suppose -2*p = -0*p - 6. What is the remainder when (-1)/w + 17/2 is divided by p?
2
Let k = -39 + 39. Suppose k*m - 398 = -4*m - 5*h, 3*h = -6. What is the remainder when m is divided by 15?
12
Let n(p) = 2*p**2 - 3*p - 1. Let j be n(0). Suppose 0 = -3*a + 210 - 48. What is the remainder when a is divided by 6/(50/35 + j)?
12
Suppose -1573 = -60*c + 167. What is the remainder when (-1004)/(-12) + 2/6 is divided by c?
26
Suppose 3*m - 3*g = 102, -8*m + 12*m + 5*g - 109 = 0. Calculate the remainder when 90 is divided by m.
28
Let o = -26 - -36. Let p = o - -11. What is the remainder when 102 is divided by p?
18
Suppose -4*k - 4 = 0, 3*k - 6 = 2*h + 127. Calculate the remainder when (h/(-16))/(3/24) is divided by 12.
10
Suppose -2*l + 2*d = -10, 4*l + 3*d - 22 = 5. Let c(n) = -90*n - 1077. Calculate the remainder when l is divided by c(-12).
0
Let h(b) = b**2 - 2*b + 2. What is the remainder when (-1 + 8)*(9 + -2) is divided by h(6)?
23
Suppose z = -2*w + 161, -5*w + 2*z - 162 = -7*w. Calculate the remainder when w is divided by 33.
14
Suppose -13*d = 3*d - 288. Calculate the remainder when 35 is divided by d.
17
Suppose 2*l - l = 55. Let m be (-10)/(-45) - (-1312)/9. Suppose -m = -5*r - i, -3*r + 4*i = 8 - 91. What is the remainder when l is divided by r?
26
Suppose -13*t = -8*t - 15. Suppose -94 = -t*a - 2*v, 0 = 2*a - 3*a + 5*v + 37. Calculate the remainder when a is divided by 5.
2
Let i(k) be the first derivative of -k**2/2 + 13*k - 2. Let g = 17 + 45. What is the remainder when g is divided by i(0)?
10
Suppose -3*g + 25 + 62 = 0. What is the remainder when g is divided by 61 - 55 - (-2 + 2 - 5)?
7
Let j be (-4)/(-22) - 3040/22. Suppose -2*g - o + 3*o - 410 = 0, 5*o = 4*g + 816. Let a = j - g. What is the remainder when a is divided by 24?
23
Suppose 0*c - 3*c = -4*l - 41, -2*c - 5*l = -12. Let s be (-6)/(-3) + 10/5. What is the remainder when 3 - -35 - 3 - s is divided by c?
9
Let j = 66 + -40. Suppose 0 = 5*g + 4*m - 74, -2*g + 0*m + j = -2*m. What is the remainder when 69 is divided by g?
13
Calculate the remainder when 199 is divided by (312/(-2))/((-66)/44).
95
Suppose -3*u - 133 = -5*k, k + 2*u = -5 + 29. What is the remainder when k is divided by 16?
10
What is the remainder when 45 is divided by (15 - -2) + 102/17?
22
Let t = 15 + -19. Let n = t + 76. Calculate the remainder when n is divided by 15.
12
Let r = -3 + 6. Suppose -138 = -3*f - r*k, k + 230 = 6*f - f. Suppose -2*m = -2*z - 34 + 2, 0 = 5*z. What is the remainder when f is divided by m?
14
Let z(p) = 15*p**2 - p + 55. Calculate the remainder when z(6) is divided by 74.
71
Suppose 3*p + 4*y = 38, -2*p = 3*p - 2*y - 72. Let l = p + -10. Calculate the remainder when 13 is divided by l.
1
Let k(j) = -j**3 + 17*j**2 - 42*j - 2. Let u = 18 - 10. Calculate the remainder when k(4) is divided by u.
6
Calculate the remainder when 210 is divided by (-85 - -82)*((-128)/6 - 1).
9
What is the remainder when (-3)/(-9)*3999/43 is divided by 13?
5
Let s(q) = q**2 + 4*q + 23. Let o be s(-11). Let p = 105 - o. Calculate the remainder when 18 is divided by p.
3
Suppose -2*w + 29 = 143. Suppose 3*x + 74 = -2*q, 3*x + 15 = q - 74. Let o = x - w. What is the remainder when o is divided by 15?
14
Suppose 5*q - 221 = -61. Let v be (-2)/8 - (-1165)/20. Let k = v + q. Calculate the remainder when k is divided by 23.
21
What is the remainder when 74 is divided by (290/(-4))/((-380)/152)?
16
Suppose -4*j = -4*g - j + 94, 52 = 2*g - 4*j. Let m(o) = 17*o - 5. Calculate the remainder when m(4) is divided by g.
19
Let v = -26 + 75. Let q = 13 + -8. Suppose -q*s - 57 = -2*b - 2*b, 5*s = 2*b - 31. What is the remainder when v is divided by b?
10
Let v(g) = -g**2 + 10*g - 16. Let z be v(5). Suppose d + 144 = z*d. Calculate the remainder when 68 is divided by d.
14
Let t(n) = -n - 4. Let s be t(-6). Suppose -5*c + 4*g = -458, -1 = 3*g - 10. Suppose s*p - c = -28. Calculate the remainder when 63 is divided by p.
30
Suppose 900 = -70*h + 79*h. Calculate the remainder when 175 is divided by h.
75
Suppose 25 = 5*q + 2*s + 2, s = q + 1. Suppose u - 4*r = -6*r + 13, -19 = -q*u - r. What is the remainder when 15 is divided by u?
0
Let b(i) = 5*i + 104. What is the remainder when 143 is divided by b(-19)?
8
Let v = 307 - 294. Let g(o) = -5*o + 8. Calculate the remainder when g(-6) is divided by v.
12
Suppose -8487 = -67*j + 44*j. Calculate the remainder when j is divided by 93.
90
Suppose 41 = 4*v - 35. Suppose -4*i + 2*c + 23 = -3*c, 4*i + 3*c = -1. What is the remainder when v is divided by i/3 - ((-434)/6)/7?
8
Let a(g) = -12*g - 5. Let v = -4 + 7. Calculate the remainder when a(-2) is divided by 17/3 + (-2)/v.
4
Suppose 6*w = 5*w + f - 36, w - 2*f + 38 = 0. What is the remainder when 65 is divided by (w/(-6))/((-2)/(-6))?
14
Let n(d) = 4*d**2 - d - 2. Let r be n(3). Let g = r - 13. Calculate the remainder when 87 is divided by g.
15
Let i be (-210)/(0 - -2)*-3. Suppose -6*z - z = -i. What is the remainder when z is divided by 12?
9
Let d(i) = -i**3 - 6*i**2 - i + 5. Let v be d(-6). Suppose 4*r + 10 = -2. Calculate the remainder when 31 is divided by (v/r)/((-11)/33).
9
Let k = -115 - -144. Suppose -k = -c - 0*t - 5*t, -c + 20 = 2*t. Calculate the remainder when 194 is divided by c.
12
Let l(o) = -256*o + 2. Calculate the remainder when l(-1) is divided by 20.
18
Let u(w) = w + 11. Let f be u(-11). Suppose f*m = -m + 5. Suppose m*y + 5 = 0, 0 = -4*c - 4*y + 8*y + 8. Calculate the remainder when 1 is divided by c.
0
Let m(o) = o**2 + 2*o - 7. Calculate the remainder when m(14) is divided by 22.
19
Suppose 0 = -34*v + 29*v + 105. Suppose 4*i = -4*o + 304, -5*o + 4*i = -146 - 279. Calculate the remainder when o is divided by v.
18
Suppose 4*g + 3*d - 896 = 0, 2*g = -g - 4*d + 672. Calculate the remainder when g is divided by 21.
14
Suppose 4*w = -5*t + 575, w + 78 = 2*t - 165. Calculate the remainder when t is divided by (-2 - -1)*-1 + 31.
23
Let q be 24/16 - (-5)/2. Let k be (-15)/(-20) - (-9)/q. Suppose k*y = -2*y + 115. Calculate the remainder when 44 is divided by y.
21
Let t = 84 + -78. Calculate the remainder when 33 is divided by (-204)/(-16) - (-1 + t/8).
7
Let o(v) = 5*v**2 + 84*v + 13. What is the remainder when 109 is divided by o(-17)?
19
Let t(n) = -192*n**2 + 98*n**2 + 101*n**2 + n**3 - 5*n + 27. What is the remainder when t(-8) is divided by (-1)/(-2)*1*2?
0
Let v = -254 + 285. What is the remainder when -178*(-1)/2 + 0 is divided by v?
27
Let f = 220 - 25. Calculate the remainder when f is divided by 50.
45
Let u = -19 + 20. Let r be 2/2*(85 + u). Suppose -3*p = -p - r. What is the remainder when p is divided by 15?
13
Let x = 9 - 7. Let t = 17 + -19. Calculate the remainder when 9 - 6*t/(-6) is divided by x.
1
Let l(h) = 37*h - 1. Suppose 3*k + 12 = 15. Let x(f) = f**2 + 2*f - 1. Let z be x(k). Calculate the remainder when l(z) is divided by 19.
16
Let k(f) = -158*f + 392. What is the remainder when k(2) is divided by 4?
0
Suppose 11*q = 16*q - 40. Suppose 0 = i - q*i + 147. What is the remainder when i is divided by 13?
8
Let i(w) = 37*w + 294. What is the remainder when i(-7) is divided by 26?
9
Let i(z) 